vide 343?
False
Is 26136 a multiple of 99?
True
Is 46 a factor of 9599?
False
Is 133 a factor of 40166?
True
Is 20 a factor of 280?
True
Is 34738 a multiple of 81?
False
Does 7 divide 20678?
True
Is 2054 a multiple of 3?
False
Does 69 divide 10281?
True
Does 28 divide 28?
True
Is 47 a factor of 779?
False
Does 31 divide 13187?
False
Does 181 divide 13823?
False
Is 5721 a multiple of 14?
False
Does 33 divide 35145?
True
Is 2454 a multiple of 13?
False
Is 4261 a multiple of 5?
False
Is 12811 a multiple of 31?
False
Is 635 a multiple of 5?
True
Is 4167 a multiple of 9?
True
Is 69525 a multiple of 135?
True
Is 26 a factor of 401?
False
Is 2305 a multiple of 103?
False
Does 31 divide 4841?
False
Is 18600 a multiple of 248?
True
Is 13066 a multiple of 94?
True
Is 12 a factor of 247?
False
Is 590 a multiple of 10?
True
Is 10 a factor of 12722?
False
Does 192 divide 10560?
True
Does 20 divide 3100?
True
Does 76 divide 152?
True
Is 507 a multiple of 2?
False
Does 18 divide 29129?
False
Is 114 a multiple of 12?
False
Is 32760 a multiple of 140?
True
Does 74 divide 1110?
True
Is 520 a multiple of 52?
True
Is 17587 a multiple of 16?
False
Is 38520 a multiple of 214?
True
Is 304 a multiple of 38?
True
Does 16 divide 2243?
False
Does 83 divide 607?
False
Is 3857 a multiple of 10?
False
Is 14 a factor of 100660?
True
Does 9 divide 72?
True
Is 182 a multiple of 52?
False
Does 44 divide 34188?
True
Is 658 a multiple of 14?
True
Is 567 a multiple of 27?
True
Is 3376 a multiple of 34?
False
Is 27 a factor of 756?
True
Is 47 a factor of 4747?
True
Is 219 a multiple of 6?
False
Does 88 divide 843?
False
Is 27 a factor of 2349?
True
Is 12 a factor of 29922?
False
Is 2401 a multiple of 19?
False
Is 5390 a multiple of 10?
True
Does 2 divide 59?
False
Is 40 a factor of 1240?
True
Is 17096 a multiple of 170?
False
Is 6 a factor of 708?
True
Is 199 a factor of 27263?
True
Does 5 divide 161?
False
Does 87 divide 435?
True
Is 9 a factor of 5038?
False
Does 162 divide 15413?
False
Is 5351 a multiple of 30?
False
Is 94125 a multiple of 251?
True
Is 818 a multiple of 13?
False
Is 2219 a multiple of 23?
False
Does 10 divide 2184?
False
Does 134 divide 48508?
True
Is 48243 a multiple of 114?
False
Does 11 divide 85?
False
Is 37387 a multiple of 49?
True
Is 3362 a multiple of 79?
False
Is 132 a multiple of 7?
False
Does 85 divide 28560?
True
Is 7536 a multiple of 15?
False
Is 20325 a multiple of 4?
False
Is 1204 a multiple of 3?
False
Is 11 a factor of 187?
True
Is 15 a factor of 383?
False
Is 59787 a multiple of 36?
False
Does 10 divide 776?
False
Does 13 divide 17095?
True
Is 12 a factor of 222?
False
Is 1656 a multiple of 18?
True
Is 9 a factor of 2007?
True
Does 200 divide 20600?
True
Is 2601 a multiple of 51?
True
Does 10 divide 1640?
True
Is 48 a factor of 192?
True
Is 149 a factor of 367?
False
Does 8 divide 1888?
True
Does 35 divide 101?
False
Is 156 a multiple of 2?
True
Does 6 divide 5563?
False
Is 11 a factor of 759?
True
Does 13 divide 22179?
False
Is 8 a factor of 893?
False
Is 2893 a multiple of 4?
False
Does 70 divide 534?
False
Is 41 a factor of 3813?
True
Is 8845 a multiple of 28?
False
Does 12 divide 7067?
False
Is 18 a factor of 5920?
False
Is 112410 a multiple of 15?
True
Does 62 divide 8581?
False
Does 12 divide 1073?
False
Does 7 divide 138?
False
Is 375 a multiple of 5?
True
Does 55 divide 21065?
True
Does 18 divide 9828?
True
Does 72 divide 2836?
False
Is 58808 a multiple of 386?
False
Is 161 a multiple of 3?
False
Is 12971 a multiple of 80?
False
Does 13 divide 8136?
False
Is 14 a factor of 787?
False
Does 19 divide 762?
False
Does 16 divide 41424?
True
Is 3 a multiple of 3?
True
Is 38016 a multiple of 36?
True
Is 1383 a multiple of 23?
False
Is 4 a factor of 2046?
False
Is 14280 a multiple of 56?
True
Is 3 a factor of 1845?
True
Does 19 divide 1501?
True
Does 96 divide 36096?
True
Does 121 divide 21417?
True
Is 116 a factor of 23886?
False
Does 2 divide 544?
True
Does 9 divide 25974?
True
Is 46 a factor of 307?
False
Is 97 even?
False
Is 204 a factor of 36268?
False
Is 2804 a multiple of 15?
False
Is 1309 a multiple of 11?
True
Is 2462 a multiple of 125?
False
Is 976 a multiple of 13?
False
Is 4793 a multiple of 77?
False
Does 18 divide 8064?
True
Is 172 a factor of 6307?
False
Is 3927 a multiple of 77?
True
Does 23 divide 1219?
True
Is 21414 a multiple of 166?
True
Does 31 divide 509?
False
Is 85 a factor of 21505?
True
Is 122822 a multiple of 167?
False
Is 45 a factor of 16598?
False
Does 14 divide 93082?
False
Is 4061 a multiple of 31?
True
Is 31 a factor of 18507?
True
Is 47 a factor of 4465?
True
Does 57 divide 10431?
True
Is 923 a multiple of 14?
False
Is 143 a multiple of 9?
False
Does 4 divide 2187?
False
Is 40 a factor of 4480?
True
Is 216 a multiple of 6?
True
Is 65 a factor of 5980?
True
Is 28060 a multiple of 23?
True
Does 17 divide 51?
True
Is 1140 a multiple of 6?
True
Is 688 a multiple of 34?
False
Is 18 a factor of 4032?
True
Is 50 a factor of 14900?
True
Is 14 a factor of 17682?
True
Is 4 a factor of 307?
False
Is 156 a multiple of 13?
True
Is 4 a factor of 13341?
False
Does 46 divide 27336?
False
Does 25 divide 2009?
False
Does 54 divide 3186?
True
Does 18 divide 999?
False
Is 61 a multiple of 55?
False
Is 25254 a multiple of 78?
False
Does 29 divide 5133?
True
Is 12293 a multiple of 106?
False
Is 267 a factor of 27975?
False
Does 63 divide 80241?
False
Does 54 divide 14335?
False
Does 4 divide 1011?
False
Is 251 a multiple of 47?
False
Is 55 a factor of 99825?
True
Is 6179 a multiple of 37?
True
Is 840 a multiple of 105?
True
Does 9 divide 2450?
False
Is 3150 a multiple of 25?
True
Is 3546 a multiple of 9?
True
Does 26 divide 650?
True
Is 1593 a multiple of 64?
False
Is 32 a factor of 511?
False
Does 142 divide 9372?
True
Does 17 divide 9061?
True
Is 96404 a multiple of 154?
True
Is 783 a multiple of 29?
True
Does 14 divide 107478?
True
Is 42 a factor of 5460?
True
Does 21 divide 465?
False
Is 4 a factor of 217?
False
Does 4 divide 1668?
True
Does 17 divide 10185?
False
Is 105196 a multiple of 238?
True
Does 53 divide 40757?
True
Is 28 a factor of 11676?
True
Does 15 divide 1416?
False
Does 86 divide 11438?
True
Is 96 a multiple of 16?
True
Does 12 divide 816?
True
Is 302 a factor of 77488?
False
Is 42 a factor of 3486?
True
Does 122 divide 15250?
True
Does 67 divide 2670?
False
Is 5791 a multiple of 230?
False
Is 3 a factor of 65?
False
Does 14 divide 45009?
False
Is 15 a factor of 1162?
False
Is 497 a multiple of 17?
False
Is 29 a factor of 277?
False
Does 4 divide 1049?
False
Is 9631 a multiple of 8?
False
Is 25193 a multiple of 59?
True
Is 9 a factor of 319?
False
Is 2 a factor of 980?
True
Is 27 a factor of 2322?
True
Does 38 divide 114?
True
Is 3 a factor of 23?
False
Is 7 a factor of 4633?
False
Is 540 a multiple of 15?
True
Does 45 divide 10980?
True
Does 57 divide 342?
True
Does 39 divide 116715?
False
Is 3150 a multiple of 75?
True
Does 4 divide 138?
False
Is 1479 a multiple of 67?
False
Does 6 divide 180?
True
Is 35 a factor of 1057?
False
Does 239 divide 45171?
True
Is 6868 a multiple of 141?
False
Does 138 divide 56718?
True
Is 7155 a multiple of 96?
False
Is 2641 a multiple of 19?
True
Does 18 divide 20520?
True
Is 5559 a multiple of 12?
False
Is 10389 a multiple of 66?
False
Does 31 divide 434?
True
Does 14 divide 152?
False
Is 16920 a multiple of 6?
True
Is 33 a factor of 8033?
False
Does 46 divide 1725?
False
Does 25 divide 1750?
True
Is 42 a factor of 1413?
False
Is 112 a factor of 15680?
True
Does 19 divide 85969?
False
Is 2428 a multiple of 15?
False
Does 40 divide 4440?
True
Does 23 divide 2622?
True
Is 1103 a multiple of 18?
False
Is 69 a factor of 3036?
True
Does 83 divide 7395?
False
Is 4 a factor of 22527?
False
Is 7 a factor of 430?
False
Is 12 a factor of 271?
False
Is 99 a factor of 78507?
True
Is 5 a factor of 461?
False
Is 6 a factor of 388?
False
Is 4140 a multiple of 15?
True
Is 8736 a multiple of 8?
True
Does 4 divide 534?
False
Does 12 divide 780?
True
Is 51186 a multiple of 128?
False
Does 4 divide 5389?
False
Is 13 a factor of 975?
True
Does 277 divide 67426?
False
Is 4 a factor of 16396?
True
Does 3 divide 1080?
True
Does 65 divide 17030?
True
Does 13 divide 4853?
False
Is 139 a factor of 233